{"id":1321,"date":"2021-01-13T12:17:25","date_gmt":"2021-01-13T16:17:25","guid":{"rendered":"https:\/\/localhost\/compostelle\/?page_id=1321"},"modified":"2021-03-26T17:33:49","modified_gmt":"2021-03-26T21:33:49","slug":"rogner-annoter","status":"publish","type":"page","link":"https:\/\/danielthizy.fr\/compostelle\/de-marcenod-a-compostelle\/tuto-xnview\/rogner-annoter","title":{"rendered":"Rogner, annoter vos photos"},"content":{"rendered":"\n<p style=\"font-size:35px\"><strong>1- Rogner une photo<\/strong><\/p>\n\n\n\n<p id=\"block-b4700847-cf11-4b51-8a7b-9400ba8f9e20\">Pour ne conserver qu&rsquo;une partie dune photo ou d&rsquo;une image,<br>avec la souris clic gauche enfonc\u00e9,<br>encadrez la partie que vous souhaitez conserver.<br>Au besoin, servez-vous des petits rectangles blancs\/gris pour ajuster votre s\u00e9lection.<\/p>\n\n\n\n<figure class=\"wp-block-image size-large\" id=\"block-abbee0a0-730a-478a-b977-c72d38a2e8fd\"><img loading=\"lazy\" decoding=\"async\" width=\"743\" height=\"554\" src=\"https:\/\/danielthizy.fr\/compostelle\/wp-content\/uploads\/2021\/01\/XnView-rogner-Photo-01.jpg\" alt=\"XnView-rogner-Photo-01\" class=\"wp-image-1331\" srcset=\"https:\/\/danielthizy.fr\/compostelle\/wp-content\/uploads\/2021\/01\/XnView-rogner-Photo-01.jpg 743w, https:\/\/danielthizy.fr\/compostelle\/wp-content\/uploads\/2021\/01\/XnView-rogner-Photo-01-300x224.jpg 300w\" sizes=\"auto, (max-width: 743px) 100vw, 743px\" \/><\/figure>\n\n\n\n<p id=\"block-9b1071b6-9c11-4b9a-8cae-9c92cef89cad\">Lorsque vous \u00eates satisfait, cliquez droit sur la s\u00e9lection et choisissez \u00ab\u00a0Rogner\u00a0\u00bb dans le menu contextuel qui s&rsquo;affiche.<\/p>\n\n\n\n<figure class=\"wp-block-image size-large\" id=\"block-1f1c0a4d-3dcc-4a06-baea-0a2fc20bfc6d\"><img loading=\"lazy\" decoding=\"async\" width=\"796\" height=\"612\" src=\"https:\/\/danielthizy.fr\/compostelle\/wp-content\/uploads\/2021\/01\/XnView-rogner-Photo-02.jpg\" alt=\"XnView-rogner-Photo-02\" class=\"wp-image-1332\" srcset=\"https:\/\/danielthizy.fr\/compostelle\/wp-content\/uploads\/2021\/01\/XnView-rogner-Photo-02.jpg 796w, https:\/\/danielthizy.fr\/compostelle\/wp-content\/uploads\/2021\/01\/XnView-rogner-Photo-02-300x231.jpg 300w, https:\/\/danielthizy.fr\/compostelle\/wp-content\/uploads\/2021\/01\/XnView-rogner-Photo-02-768x590.jpg 768w\" sizes=\"auto, (max-width: 796px) 100vw, 796px\" \/><\/figure>\n\n\n\n<p id=\"block-cda80f20-c528-42bf-a393-b6f6fd0dfccb\">Vous obtenez ainsi ce r\u00e9sultat&#8230;<\/p>\n\n\n\n<figure class=\"wp-block-image size-large\" id=\"block-20d11740-6111-4f64-87f8-081dcc2adb42\"><img loading=\"lazy\" decoding=\"async\" width=\"471\" height=\"179\" src=\"https:\/\/danielthizy.fr\/compostelle\/wp-content\/uploads\/2021\/01\/XnView-rogner-Photo-03.jpg\" alt=\"XnView-rogner-Photo-03\" class=\"wp-image-1333\" srcset=\"https:\/\/danielthizy.fr\/compostelle\/wp-content\/uploads\/2021\/01\/XnView-rogner-Photo-03.jpg 471w, https:\/\/danielthizy.fr\/compostelle\/wp-content\/uploads\/2021\/01\/XnView-rogner-Photo-03-300x114.jpg 300w\" sizes=\"auto, (max-width: 471px) 100vw, 471px\" \/><\/figure>\n\n\n\n<hr class=\"wp-block-separator aligncenter\"\/>\n\n\n\n<hr class=\"wp-block-separator\"\/>\n\n\n\n<p style=\"font-size:35px\"><strong>2- Annoter une photo<\/strong><\/p>\n\n\n\n<ul class=\"wp-block-list\"><li>Ouvrez XnView et positionnez-vous sur le dossier o\u00f9 se trouve les images ou les photos \u00e0 annoter.<\/li><\/ul>\n\n\n\n<figure class=\"wp-block-image size-large\"><img decoding=\"async\" src=\"https:\/\/danielthizy.fr\/compostelle\/wp-content\/uploads\/2021\/01\/XnView-annotation-Photo-01.jpg\" alt=\"XnView-annotation-Photo-01\"\/><\/figure>\n\n\n\n<p><\/p>\n\n\n\n<ul class=\"wp-block-list\"><li>Double-cliquez sur la 1\u00e8re photo \u00e0 annoter pour l&rsquo;afficher en plein \u00e9cran.<br>Jouer du zoom (cf +\/- ci-dessous) pour en agrandir ou en diminuer sa taille \u00e0 l&rsquo;\u00e9cran.<br>Si vous voulez avoir sa taille r\u00e9elle cliquez sur \u00ab\u00a01:1\u00a0\u00bb<\/li><\/ul>\n\n\n\n<figure class=\"wp-block-image size-large\"><img decoding=\"async\" src=\"https:\/\/danielthizy.fr\/compostelle\/wp-content\/uploads\/2021\/01\/XnView-annotation-Photo-02.jpg\" alt=\"\"\/><\/figure>\n\n\n\n<p><\/p>\n\n\n\n<ul class=\"wp-block-list\"><li>Dans la barre de menus cliquez sur \u00ab\u00a0Image\u00a0\u00bb et dans le menu d\u00e9roulant sur l&rsquo;item \u00ab\u00a0Ajouter du texte\u00a0\u00bb.<\/li><\/ul>\n\n\n\n<figure class=\"wp-block-image size-large\"><img decoding=\"async\" src=\"https:\/\/danielthizy.fr\/compostelle\/wp-content\/uploads\/2021\/01\/XnView-annotation-Photo-03.jpg\" alt=\"XnView-annotation-Photo-03\"\/><\/figure>\n\n\n\n<ul class=\"wp-block-list\"><li>Dans la bo\u00eete de dialogue qui s&rsquo;affiche, tapez votre texte, r\u00e9glez les diff\u00e9rents param\u00e8tres (Alignement &#8211; Couleur du texte &#8211; \u00e9ventuellement: Couleur de fonds du texte, Contour &#8211; S\u00e9lectionnez la Police, son style et sa taille.<\/li><\/ul>\n\n\n\n<figure class=\"wp-block-image size-large\"><img decoding=\"async\" src=\"https:\/\/danielthizy.fr\/compostelle\/wp-content\/uploads\/2021\/01\/XnView-annotation-Photo-04.jpg\" alt=\"XnView-annotation-Photo-04\"\/><\/figure>\n\n\n\n<ul class=\"wp-block-list\"><li>Lorsque vous avez termin\u00e9 vos r\u00e9glages, cliquez sur \u00ab\u00a0OK\u00a0\u00bb et, sans cliquer, amenez la fl\u00e8che de votre souris \u00e0 l&rsquo;endroit o\u00f9 vous souhaitez placer votre texte. A ce moment-l\u00e0 seulement cliquez gauche pour fixer votre texte.<\/li><\/ul>\n\n\n\n<figure class=\"wp-block-image size-large\"><img decoding=\"async\" src=\"https:\/\/danielthizy.fr\/compostelle\/wp-content\/uploads\/2021\/01\/XnView-annotation-Photo-05.jpg\" alt=\"XnView-annotation-Photo-05\"\/><\/figure>\n\n\n\n<ul class=\"wp-block-list\"><li>Si vous n&rsquo;\u00eates pas satisfait du r\u00e9sultat, dans la barre d&rsquo;ic\u00f4nes, cliquez sur l&rsquo;ic\u00f4ne \u00ab\u00a0Annuler\u00a0\u00bb (voir ci-dessous) et r\u00e9visez vos r\u00e9glages dans la bo\u00eete de dialogue \u00ab\u00a0Image \/ Ajouter du texte\u00a0\u00bb.<br>Vous pouvez modifier\/annuler vos r\u00e9glages tant que vous n&rsquo;avez pas enregistr\u00e9 la photo.<\/li><\/ul>\n\n\n\n<figure class=\"wp-block-image size-large\"><img decoding=\"async\" src=\"https:\/\/danielthizy.fr\/compostelle\/wp-content\/uploads\/2021\/01\/XnView-annotation-Photo-06.jpg\" alt=\"XnView-annotation-Photo-06\"\/><\/figure>\n\n\n\n<ul class=\"wp-block-list\"><li>N&rsquo;oubliez pas d&rsquo;enregistrer votre travail avant de quitter.<\/li><\/ul>\n\n\n\n<p>Si vous utilisez les fl\u00e8ches \u00ab\u00a0Fichier suivant &#8211; Fichier pr\u00e9c\u00e9dent\u00a0\u00bb (cf infra), la question \u00ab\u00a0Faut-il enregistrer les modifications\u00a0\u00bb vous est pos\u00e9e. En r\u00e9pondant \u00ab\u00a0oui\u00a0\u00bb, le fichier original est \u00e9cras\u00e9 par votre fichier annot\u00e9.<\/p>\n\n\n\n<figure class=\"wp-block-image size-large\"><img decoding=\"async\" src=\"https:\/\/danielthizy.fr\/compostelle\/wp-content\/uploads\/2021\/01\/XnView-annotation-Photo-07.jpg\" alt=\"XnView-annotation-Photo-07\"\/><\/figure>\n\n\n\n<p>Dans le cas o\u00f9 vous voulez conserver le fichier original (non annot\u00e9), utilisez l&rsquo;ic\u00f4ne \u00ab\u00a0Enregistrer sous\u00a0\u00bb (cf infra) et choisissez l&rsquo;endroit o\u00f9 enregistrer votre fichier annot\u00e9.<\/p>\n\n\n\n<figure class=\"wp-block-image size-large\"><img decoding=\"async\" src=\"https:\/\/danielthizy.fr\/compostelle\/wp-content\/uploads\/2021\/01\/XnView-annotation-Photo-08.jpg\" alt=\"XnView-annotation-Photo-08\"\/><figcaption> <\/figcaption><\/figure>\n\n\n\n<p class=\"has-text-align-center has-large-font-size\"><em><strong><a href=\"https:\/\/danielthizy.fr\/compostelle\/de-marcenod-a-compostelle\/tuto-xnview\/renommer-par-lots\">Renommer vos photos par lots\u2026<\/a><\/strong><\/em><\/p>\n","protected":false},"excerpt":{"rendered":"<p>1- Rogner une photo Pour ne conserver qu&rsquo;une partie dune photo ou d&rsquo;une image,avec la souris clic gauche enfonc\u00e9,encadrez la partie que vous souhaitez conserver.Au besoin, servez-vous des petits rectangles blancs\/gris pour ajuster votre s\u00e9lection. Lorsque vous \u00eates satisfait, cliquez droit sur la s\u00e9lection et choisissez \u00ab\u00a0Rogner\u00a0\u00bb dans le menu contextuel qui s&rsquo;affiche. Vous obtenez &#8230; <a title=\"Rogner, annoter vos photos\" class=\"read-more\" href=\"https:\/\/danielthizy.fr\/compostelle\/de-marcenod-a-compostelle\/tuto-xnview\/rogner-annoter\" aria-label=\"En savoir plus sur Rogner, annoter vos photos\">Lire la suite<\/a><\/p>\n","protected":false},"author":2,"featured_media":0,"parent":756,"menu_order":3,"comment_status":"closed","ping_status":"closed","template":"","meta":{"two_page_speed":[],"footnotes":""},"class_list":["post-1321","page","type-page","status-publish"],"_links":{"self":[{"href":"https:\/\/danielthizy.fr\/compostelle\/wp-json\/wp\/v2\/pages\/1321","targetHints":{"allow":["GET"]}}],"collection":[{"href":"https:\/\/danielthizy.fr\/compostelle\/wp-json\/wp\/v2\/pages"}],"about":[{"href":"https:\/\/danielthizy.fr\/compostelle\/wp-json\/wp\/v2\/types\/page"}],"author":[{"embeddable":true,"href":"https:\/\/danielthizy.fr\/compostelle\/wp-json\/wp\/v2\/users\/2"}],"replies":[{"embeddable":true,"href":"https:\/\/danielthizy.fr\/compostelle\/wp-json\/wp\/v2\/comments?post=1321"}],"version-history":[{"count":20,"href":"https:\/\/danielthizy.fr\/compostelle\/wp-json\/wp\/v2\/pages\/1321\/revisions"}],"predecessor-version":[{"id":1550,"href":"https:\/\/danielthizy.fr\/compostelle\/wp-json\/wp\/v2\/pages\/1321\/revisions\/1550"}],"up":[{"embeddable":true,"href":"https:\/\/danielthizy.fr\/compostelle\/wp-json\/wp\/v2\/pages\/756"}],"wp:attachment":[{"href":"https:\/\/danielthizy.fr\/compostelle\/wp-json\/wp\/v2\/media?parent=1321"}],"curies":[{"name":"wp","href":"https:\/\/api.w.org\/{rel}","templated":true}]}}