{"id":893,"date":"2019-01-14T20:33:04","date_gmt":"2019-01-15T00:33:04","guid":{"rendered":"http:\/\/www.danielthizy.fr\/?page_id=893"},"modified":"2021-01-16T18:45:05","modified_gmt":"2021-01-16T22:45:05","slug":"redimensionner-alleger","status":"publish","type":"page","link":"https:\/\/danielthizy.fr\/compostelle\/de-marcenod-a-compostelle\/tuto-xnview\/redimensionner-alleger","title":{"rendered":"Redimensionner, all\u00e9ger vos photos"},"content":{"rendered":"\n<p><em>Conserver des photos \u00ab\u00a0lourdes\u00a0\u00bb ne se justifie que dans un cas: Lorsqu&rsquo;on veut faire des tirages papier grand format.<br>Vous pouvez \u00e9galement vouloir r\u00e9cup\u00e9rer sur vos photos d&rsquo;origine des visages nets et suffisamment grands par exemple pour une g\u00e9n\u00e9alogie. Mais dans ce cas, vous ne conserverez que les visages et non pas la photo enti\u00e8re.<\/em><\/p>\n\n\n\n<p>Lorsque, dans XnView, vous double-cliquez sur une de vos photos\noriginelles, regardez en bas de votre \u00e9cran \u00e0 gauche, et vous\nverrez que votre photo ne s&rsquo;affiche sur votre \u00e9cran qu&rsquo;\u00e0 un faible\npourcentage de sa taille r\u00e9elle, c&rsquo;est dire que tout le reste de ce\npourcentage est de la place perdue, gaspill\u00e9e sur votre disque dur.<\/p>\n\n\n\n<p>Les inconv\u00e9nients des photos lourdes de 4 ou 5 Mo (Mega-octets)\n:<br>\n&#8211; Rapide saturation du disque dur.<br>\n&#8211; Difficult\u00e9 pour les\ntransmettre par mail.<br>\n&#8211; Lenteur des t\u00e9l\u00e9chargements.<\/p>\n\n\n\n<p>Comment faire pour les all\u00e9ger ?&#8230; Avec XnView bien s\u00fbr !<\/p>\n\n\n\n<p style=\"font-size:30px\"><strong>1. Redimensionner \/ all\u00e9ger une photo<\/strong><\/p>\n\n\n\n<p>C&rsquo;est le cas le plus simple.<br>Ouvrez XnView, positionnez-vous sur l&rsquo;image \/ la photo \u00e0 traiter et double-cliquez sur son nom pour l&rsquo;afficher \u00e0 l&rsquo;\u00e9cran.<br>Dans la barre d&rsquo;ic\u00f4nes, cliquez sur la mise \u00e0 l&rsquo;\u00e9chelle \u00ab\u00a01:1\u00a0\u00bb pour vous rendre compte de la taille r\u00e9elle de votre image.<\/p>\n\n\n\n<figure class=\"wp-block-image size-large\"><img loading=\"lazy\" decoding=\"async\" width=\"635\" height=\"152\" src=\"https:\/\/localhost\/compostelle\/wp-content\/uploads\/2021\/01\/XnView-redimensionner-Photo-01-2.jpg\" alt=\"\" class=\"wp-image-1345\" srcset=\"https:\/\/danielthizy.fr\/compostelle\/wp-content\/uploads\/2021\/01\/XnView-redimensionner-Photo-01-2.jpg 635w, https:\/\/danielthizy.fr\/compostelle\/wp-content\/uploads\/2021\/01\/XnView-redimensionner-Photo-01-2-300x72.jpg 300w\" sizes=\"auto, (max-width: 635px) 100vw, 635px\" \/><\/figure>\n\n\n\n<p><br>Dans la barre d&rsquo;\u00e9tat en bas de votre \u00e9cran \u00e0 gauche, observez les caract\u00e9ristiques principales de votre photo. Notez qu&rsquo;elle p\u00e8se 2.22 Mo (Millions d&rsquo;octets) et n&rsquo;affiche que 45% de sa taille sur votre \u00e9cran.<\/p>\n\n\n\n<figure class=\"wp-block-image size-large\"><img loading=\"lazy\" decoding=\"async\" width=\"450\" height=\"91\" src=\"https:\/\/localhost\/compostelle\/wp-content\/uploads\/2021\/01\/XnView-redimensionner-Photo-02-2.jpg\" alt=\"\" class=\"wp-image-1350\" srcset=\"https:\/\/danielthizy.fr\/compostelle\/wp-content\/uploads\/2021\/01\/XnView-redimensionner-Photo-02-2.jpg 450w, https:\/\/danielthizy.fr\/compostelle\/wp-content\/uploads\/2021\/01\/XnView-redimensionner-Photo-02-2-300x61.jpg 300w\" sizes=\"auto, (max-width: 450px) 100vw, 450px\" \/><\/figure>\n\n\n\n<p>Vous pouvez donc ais\u00e9ment diviser sa taille par 2 sans que votre image ne diminue sur votre \u00e9cran.<br>Pour ce faire, dans la barre de menu cliquez sur \u00ab\u00a0Image&#8230; Redimensionner\u00a0\u00bb.<br>Dans la bo\u00eete de dialogue qui appara\u00eet, v\u00e9rifiez que: <br>&#8211; La \u00ab\u00a0Taille \u00e9cran\u00a0\u00bb soit exprim\u00e9e en %, <br>&#8211; Que les cases \u00ab\u00a0Conserver les proportions\u00a0\u00bb et \u00ab\u00a0Options\u00a0\u00bb soient coch\u00e9es,<br>Positionnez alors le curseur de votre souris dans une des cases \u00ab\u00a0Largeur\u00a0\u00bb ou \u00ab\u00a0Hauteur\u00a0\u00bb et remplacez la valeur \u00ab\u00a0100\u00a0\u00bb affich\u00e9e par 50 (ou une autre valeur qui vous convienne).<br>&#8211; Cliquez alors sur le bouton \u00ab\u00a0OK\u00a0\u00bb pour valider vos param\u00e8tres.<\/p>\n\n\n\n<figure class=\"wp-block-image size-large\"><img loading=\"lazy\" decoding=\"async\" width=\"312\" height=\"421\" src=\"https:\/\/localhost\/compostelle\/wp-content\/uploads\/2021\/01\/XnView-redimensionner-Photo-03-1.jpg\" alt=\"\" class=\"wp-image-1348\" srcset=\"https:\/\/danielthizy.fr\/compostelle\/wp-content\/uploads\/2021\/01\/XnView-redimensionner-Photo-03-1.jpg 312w, https:\/\/danielthizy.fr\/compostelle\/wp-content\/uploads\/2021\/01\/XnView-redimensionner-Photo-03-1-222x300.jpg 222w\" sizes=\"auto, (max-width: 312px) 100vw, 312px\" \/><\/figure>\n\n\n\n<p>Notez que le 45% a \u00e9t\u00e9 remplac\u00e9 par la nouvelle valeur 100%. Le poids 2.22 Mo n&rsquo;a toutefois pas encore chang\u00e9 car vous n&rsquo;avez pas encore enregistr\u00e9 votre image redimensionn\u00e9e. Vous pouvez ainsi revenir en arri\u00e8re si vous n&rsquo;\u00eates pas satisfait de votre travail en utilisant l&rsquo;ic\u00f4ne \u00ab\u00a0Annuler\u00a0\u00bb.<\/p>\n\n\n\n<figure class=\"wp-block-image size-large\"><img loading=\"lazy\" decoding=\"async\" width=\"472\" height=\"84\" src=\"https:\/\/localhost\/compostelle\/wp-content\/uploads\/2021\/01\/XnView-redimensionner-Photo-04.jpg\" alt=\"\" class=\"wp-image-1351\" srcset=\"https:\/\/danielthizy.fr\/compostelle\/wp-content\/uploads\/2021\/01\/XnView-redimensionner-Photo-04.jpg 472w, https:\/\/danielthizy.fr\/compostelle\/wp-content\/uploads\/2021\/01\/XnView-redimensionner-Photo-04-300x53.jpg 300w\" sizes=\"auto, (max-width: 472px) 100vw, 472px\" \/><\/figure>\n\n\n\n<p>Lorsque vous \u00eates satisfait, enregistrez votre image redimensionn\u00e9e en \u00e9crasant l&rsquo;image originale ou en la stockant au choix sous un autre nom ou dans un autre dossier. Notez alors son nouveau poids (851 ko) inf\u00e9rieur de plus de moiti\u00e9 \u00e0 celui de l&rsquo;image originale.<\/p>\n\n\n\n<figure class=\"wp-block-image size-large\"><img loading=\"lazy\" decoding=\"async\" width=\"426\" height=\"67\" src=\"https:\/\/localhost\/compostelle\/wp-content\/uploads\/2021\/01\/XnView-redimensionner-Photo-05.jpg\" alt=\"\" class=\"wp-image-1352\" srcset=\"https:\/\/danielthizy.fr\/compostelle\/wp-content\/uploads\/2021\/01\/XnView-redimensionner-Photo-05.jpg 426w, https:\/\/danielthizy.fr\/compostelle\/wp-content\/uploads\/2021\/01\/XnView-redimensionner-Photo-05-300x47.jpg 300w\" sizes=\"auto, (max-width: 426px) 100vw, 426px\" \/><\/figure>\n\n\n\n<p style=\"font-size:30px\"><strong>2. Redimensionner \/ all\u00e9ger un groupe (lot) de photos<\/strong><\/p>\n\n\n\n<p>Ouvrez XnView et positionnez-vous sur le dossier \u00e0 traiter.<br> S\u00e9lectionnez les photos \u00e0 redimensionner\/all\u00e9ger (cf: XnView &#8211; Renommer par lots, au besoin).<br> Cliquez droit sur une des photos s\u00e9lectionn\u00e9es.<br> Choisissez dans le menu contextuel qui s&rsquo;ouvre \u00ab\u00a0Convertir\u00a0\u00bb.<\/p>\n\n\n\n<figure class=\"wp-block-image\"><img loading=\"lazy\" decoding=\"async\" width=\"716\" height=\"969\" src=\"https:\/\/localhost\/compostelle\/wp-content\/uploads\/2019\/01\/XnView-Convertir01.jpg\" alt=\"XnView-Convertir01\" class=\"wp-image-878\" srcset=\"https:\/\/danielthizy.fr\/compostelle\/wp-content\/uploads\/2019\/01\/XnView-Convertir01.jpg 716w, https:\/\/danielthizy.fr\/compostelle\/wp-content\/uploads\/2019\/01\/XnView-Convertir01-222x300.jpg 222w\" sizes=\"auto, (max-width: 716px) 100vw, 716px\" \/><\/figure>\n\n\n\n<p>Dans la bo\u00eete de dialogue qui s&rsquo;ouvre (cf image ci-apr\u00e8s), en face de l&rsquo;item \u00ab\u00a0Dossier\u00a0\u00bb, d\u00e9signez le dossier dans lequel seront rang\u00e9es vos photos redimensionn\u00e9es\/all\u00e9g\u00e9es.<br> Choisir un dossier diff\u00e9rent du dossier d&rsquo;origine pour faire en sorte de ne pas \u00e9craser vos photos originelles tant que vous n&rsquo;\u00eates pas satisfait du r\u00e9sultat final.<br> Vous \u00eates donc positionn\u00e9 sur le dossier D:\\T\u00e9l\u00e9chargements\\Temp,<br> Pour simplifier les choses, on va dire \u00e0 XnView de cr\u00e9er le sous-dossier XXX dans le m\u00eame dossier que vous \u00eates en train de travailler. Pour ce faire, positionnez le curseur de la souris dans la bo\u00eete de dialogue apr\u00e8s D:\\T\u00e9l\u00e9chargements\\Temp, et en maintenant enfonc\u00e9e la touche \u00ab\u00a0Alt Gr\u00a0\u00bb du clavier tapez sur la touche 8 en haut du clavier alphab\u00e9tique pour obtenir un \\ (anti-slash). Apr\u00e8s cet anti-slash on tape 3 fois la lettre X pour cr\u00e9er le nom du sous-dossier o\u00f9 iront se ranger nos photos all\u00e9g\u00e9es&#8230;<\/p>\n\n\n\n<figure class=\"wp-block-image\"><img loading=\"lazy\" decoding=\"async\" width=\"492\" height=\"535\" src=\"https:\/\/localhost\/compostelle\/wp-content\/uploads\/2019\/01\/XnView-Convertir02.jpg\" alt=\"XnView-Convertir02\" class=\"wp-image-879\" srcset=\"https:\/\/danielthizy.fr\/compostelle\/wp-content\/uploads\/2019\/01\/XnView-Convertir02.jpg 492w, https:\/\/danielthizy.fr\/compostelle\/wp-content\/uploads\/2019\/01\/XnView-Convertir02-276x300.jpg 276w\" sizes=\"auto, (max-width: 492px) 100vw, 492px\" \/><\/figure>\n\n\n\n<p><br> On s&rsquo;assure ensuite que la case \u00ab\u00a0Conserver les dates\/heures d&rsquo;origine\u00a0\u00bb est bien coch\u00e9e avant de cliquer sur l&rsquo;onglet \u00ab\u00a0Transformation\u00a0\u00bb de la bo\u00eete de dialogue.<br> Dans l&rsquo;onglet \u00ab\u00a0Transformation\u00a0\u00bb on clique sur \u00ab\u00a0Redimensionner\u00a0\u00bb et \u00e0 droite sur \u00ab\u00a0Ajouter\u00a0\u00bb.<br> Il ne reste plus qu&rsquo;\u00e0 choisir dans la case \u00ab\u00a0Param\u00e8tres\u00a0\u00bb le pourcentage de r\u00e9duction que l&rsquo;on souhaite entre 100 (taille originelle) et 1.<br> Si vous allez au-del\u00e0 de 100 les photos risquent d&rsquo;\u00eatre \u00ab\u00a0pixellis\u00e9es\u00a0\u00bb, mais vous pouvez toujours tester cette option.<br> Si vous ne mettez pas la m\u00eame valeur en Largeur et Hauteur vos photos seront d\u00e9form\u00e9es.<br> Pour effectuer le traitement, cliquez en bas \u00e0 gauche sur le bouton \u00ab\u00a0Lancer\u00a0\u00bb&#8230;<\/p>\n\n\n\n<figure class=\"wp-block-image\"><img loading=\"lazy\" decoding=\"async\" width=\"488\" height=\"529\" src=\"https:\/\/localhost\/compostelle\/wp-content\/uploads\/2019\/01\/XnView-Convertir03.jpg\" alt=\"XnView-Convertir03\" class=\"wp-image-880\" srcset=\"https:\/\/danielthizy.fr\/compostelle\/wp-content\/uploads\/2019\/01\/XnView-Convertir03.jpg 488w, https:\/\/danielthizy.fr\/compostelle\/wp-content\/uploads\/2019\/01\/XnView-Convertir03-277x300.jpg 277w\" sizes=\"auto, (max-width: 488px) 100vw, 488px\" \/><\/figure>\n\n\n\n<p><br> Et voyez le r\u00e9sultat dans le dossier XXX. Le poids de vos photos a \u00e9t\u00e9 divis\u00e9 selon vos param\u00e8tres&#8230;<\/p>\n\n\n\n<p>Voil\u00e0, c&rsquo;est termin\u00e9 ! A la port\u00e9e d&rsquo;un \u00e9l\u00e8ve de cours\n\u00e9l\u00e9mentaire mon cher Watson !<\/p>\n\n\n\n<p>Rien ne vous emp\u00eache, dans un r\u00e9pertoire de travail, de triturer\ndes copies de vos photos dans tous les sens, pour \u00e9tudier les\nr\u00e9sultats produits par XnView. C&rsquo;est ainsi qu&rsquo;on apprend, par la\npratique !&#8230;<\/p>\n","protected":false},"excerpt":{"rendered":"<p>Conserver des photos \u00ab\u00a0lourdes\u00a0\u00bb ne se justifie que dans un cas: Lorsqu&rsquo;on veut faire des tirages papier grand format.Vous pouvez \u00e9galement vouloir r\u00e9cup\u00e9rer sur vos photos d&rsquo;origine des visages nets et suffisamment grands par exemple pour une g\u00e9n\u00e9alogie. Mais dans ce cas, vous ne conserverez que les visages et non pas la photo enti\u00e8re. Lorsque, &#8230; <a title=\"Redimensionner, all\u00e9ger vos photos\" class=\"read-more\" href=\"https:\/\/danielthizy.fr\/compostelle\/de-marcenod-a-compostelle\/tuto-xnview\/redimensionner-alleger\" aria-label=\"En savoir plus sur Redimensionner, all\u00e9ger vos photos\">Lire la suite<\/a><\/p>\n","protected":false},"author":1,"featured_media":0,"parent":756,"menu_order":5,"comment_status":"closed","ping_status":"closed","template":"","meta":{"two_page_speed":[],"footnotes":""},"class_list":["post-893","page","type-page","status-publish"],"_links":{"self":[{"href":"https:\/\/danielthizy.fr\/compostelle\/wp-json\/wp\/v2\/pages\/893","targetHints":{"allow":["GET"]}}],"collection":[{"href":"https:\/\/danielthizy.fr\/compostelle\/wp-json\/wp\/v2\/pages"}],"about":[{"href":"https:\/\/danielthizy.fr\/compostelle\/wp-json\/wp\/v2\/types\/page"}],"author":[{"embeddable":true,"href":"https:\/\/danielthizy.fr\/compostelle\/wp-json\/wp\/v2\/users\/1"}],"replies":[{"embeddable":true,"href":"https:\/\/danielthizy.fr\/compostelle\/wp-json\/wp\/v2\/comments?post=893"}],"version-history":[{"count":8,"href":"https:\/\/danielthizy.fr\/compostelle\/wp-json\/wp\/v2\/pages\/893\/revisions"}],"predecessor-version":[{"id":1381,"href":"https:\/\/danielthizy.fr\/compostelle\/wp-json\/wp\/v2\/pages\/893\/revisions\/1381"}],"up":[{"embeddable":true,"href":"https:\/\/danielthizy.fr\/compostelle\/wp-json\/wp\/v2\/pages\/756"}],"wp:attachment":[{"href":"https:\/\/danielthizy.fr\/compostelle\/wp-json\/wp\/v2\/media?parent=893"}],"curies":[{"name":"wp","href":"https:\/\/api.w.org\/{rel}","templated":true}]}}